1
In base 16, what is -37ec9 + ea?
-37ddf
In base 6, what is 204 + 322223?
322431
In base 13, what is -760a5 + 131?
-75c74
In base 5, what is -10304 + -232032?
-242341
In base 10, what is -6907 - -377?
-6530
In base 5, what is -3 + -1214124324?
-1214124332
In base 12, what is 114909 + 4?
114911
In base 15, what is 189d34 - 2?
189d32
In base 9, what is -346148183 + 4?
-346148178
In base 2, what is 1101000110110100000100111 - -11?
1101000110110100000101010
In base 5, what is 321 - -1144411?
1200232
In base 6, what is 11 + -212350230?
-212350215
In base 5, what is 2 + 110323241032?
110323241034
In base 2, what is 0 - -1000100010110001101110?
1000100010110001101110
In base 5, what is -222 - 441410230?
-441411002
In base 8, what is -206116 + -547?
-206665
In base 7, what is -1034043 + 223?
-1033520
In base 6, what is -1050 + 3520525?
3515435
In base 10, what is 9041 - -10648?
19689
In base 13, what is a5978a3 - -1?
a5978a4
In base 16, what is 1d + eafc3e?
eafc5b
In base 5, what is 4 - -1423421402?
1423421411
In base 12, what is -206 + 199474?
19926a
In base 14, what is -3 - 1bcdb2?
-1bcdb5
In base 15, what is -4 - aa685?
-aa689
In base 3, what is 121221200210121001 - 11?
121221200210120220
In base 9, what is 76 + -24654536?
-24654450
In base 9, what is -4 + -3515463?
-3515467
In base 5, what is 3 + -21004132202?
-21004132144
In base 11, what is -28318 - 617?
-28934
In base 12, what is 705 + 330546?
33104b
In base 11, what is 301 - -27a?
580
In base 9, what is -24643 - 43?
-24686
In base 2, what is 110100111101001110 + 11110010?
110101000001000000
In base 5, what is 3 - 11030213341?
-11030213333
In base 7, what is -344421412 + -1?
-344421413
In base 6, what is -331 - 345145?
-345520
In base 7, what is -25 - -22551023?
22550665
In base 10, what is -538 + 4026?
3488
In base 15, what is 5c855 - -2c1?
5cb26
In base 16, what is 31daa + 4fa?
322a4
In base 10, what is 998 + 1765?
2763
In base 9, what is -10884116 + 6?
-10884110
In base 10, what is -2 + 1803009?
1803007
In base 13, what is a32b - -42?
a370
In base 6, what is 440254 - -242?
440540
In base 2, what is -111111 + 1000100100010110001?
1000100100001110010
In base 16, what is -230c + -a69?
-2d75
In base 3, what is 2100 - 12120212122012?
-12120212112212
In base 8, what is 126365465 + 0?
126365465
In base 8, what is 42454071 - 5?
42454064
In base 4, what is 0 - 1300311021330?
-1300311021330
In base 4, what is 13 + 1032200020?
1032200033
In base 8, what is 111407 + -146?
111241
In base 9, what is -273573 + -228?
-273812
In base 16, what is -6 + 187968?
187962
In base 11, what is 1004884 - 2?
1004882
In base 13, what is -447c - 623?
-4aa2
In base 14, what is -79 + b25c?
b1c3
In base 16, what is -27c - 26003?
-2627f
In base 13, what is 91 - -1887?
1948
In base 14, what is -4998 + 181?
-4817
In base 12, what is 3 + -22594197?
-22594194
In base 6, what is 5 + 34253440355?
34253440404
In base 6, what is -12034 - 1001201?
-1013235
In base 6, what is -1143354 - 3522?
-1151320
In base 2, what is -10011000111011110 - -110110?
-10011000110101000
In base 4, what is 103110 - 121110?
-12000
In base 4, what is 3112102233 - -2110?
3112111003
In base 10, what is -91926438 - 4?
-91926442
In base 6, what is -41334 + -1132241?
-1214015
In base 4, what is 33322213 - 1121301?
32200312
In base 15, what is 398e4 + -b5?
3982e
In base 5, what is -1143 - 1200313040?
-1200314233
In base 12, what is 328128 - -1?
328129
In base 10, what is 8 - 5988366?
-5988358
In base 5, what is 121 - 31120313?
-31120142
In base 15, what is 130da3d - -7?
130da45
In base 13, what is 143833b - 2a?
1438311
In base 3, what is -12 + -1201111221220102?
-1201111221220121
In base 15, what is 12d1 - -4ec78?
51059
In base 7, what is -10 + -364265102?
-364265112
In base 4, what is -2 - -221002222121?
221002222113
In base 6, what is -13542132051 - 11?
-13542132102
In base 2, what is 10111000 + -101110111000011000010?
-101110111000000001010
In base 7, what is 612365 - 16014?
563351
In base 11, what is -4 - 55a1839a?
-55a183a3
In base 15, what is 258c + -6de?
1d9d
In base 16, what is -972 + 6?
-96c
In base 6, what is 141 - -302223422?
302224003
In base 9, what is -25 + -272876?
-273012
In base 15, what is 6e838 + -3b?
6e7ec
In base 10, what is 6 - 1080901?
-1080895
In base 8, what is -30376 - -657?
-27517
In base 11, what is 140202 + 781?
140983
In base 13, what is -3 - 359002?
-359005
In base 3, what is -20 + -22011220000111202?
-22011220000111222
In base 12, what is -26a + 2a338?
2a08a
In base 5, what is 12033004213 - -3?
12033004221
In base 6, what is 141504210 + -3?
141504203
In base 16, what is -174 + -eeed?
-f061
In base 16, what is -49c01 - -413?
-497ee
In base 12, what is 1025a6 + -51?
102555
In base 9, what is -134 + -417065?
-417210
In base 16, what is -cc38 - -58?
-cbe0
In base 6, what is -131 + 25031?
24500
In base 6, what is 143200 + -11020?
132140
In base 13, what is -61c + -a1553?
-a1b72
In base 16, what is 47a8b6 + -14?
47a8a2
In base 3, what is -2 - 20001011211102101?
-20001011211102110
In base 2, what is -100110000000101000000 + 10001011?
-100110000000010110101
In base 15, what is 78203bb - -5?
78203c1
In base 5, what is -42201201 - 2020?
-42203221
In base 8, what is -174 + -161344?
-161540
In base 11, what is -81a1 - -17637?
a446
In base 5, what is 123113332 + -1310?
123112022
In base 2, what is 110100111100011110 + -110101?
110100111011101001
In base 10, what is -3 + -9821601?
-9821604
In base 11, what is 39 + -1162365?
-1162327
In base 4, what is 1022112202 + 2310?
1022121112
In base 7, what is -14520053651 + 4?
-14520053644
In base 9, what is -10883 - 455?
-11448
In base 9, what is -22082123 - -3?
-22082120
In base 10, what is -502 - -1400388?
1399886
In base 15, what is -199d - 22cd?
-3c7b
In base 3, what is -11121121011 - 20011?
-11121211022
In base 10, what is 18775 + -805?
17970
In base 10, what is 2 + -8953683?
-8953681
In base 5, what is 200411332 + 10402?
200422234
In base 9, what is -2 - -578817?
578815
In base 7, what is -2 - -42132643?
42132641
In base 5, what is -12421 + 133422?
121001
In base 16, what is -298fe - 105?
-29a03
In base 5, what is -3330300304 - 101?
-3330300410
In base 10, what is 81202270 - 6?
81202264
In base 12, what is -116b9aa7b - -1?
-116b9aa7a
In base 10, what is 11294331 + 0?
11294331
In base 6, what is -2223 + 1341404?
1335141
In base 13, what is 3015 - -303?
3318
In base 15, what is 1d - 266049?
-26602b
In base 10, what is 937 + -479398?
-478461
In base 11, what is 12 + 455683a?
4556851
In base 5, what is -2142112134 + 21?
-2142112113
In base 14, what is -366a38a + 7?
-366a383
In base 6, what is -11222245420 + -1?
-11222245421
In base 13, what is -a167 + 1134?
-9033
In base 13, what is 4a11 + -1b577?
-16866
In base 2, what is -1010000101110 - -110100100001?
-11100001101
In base 10, what is 17 + 1051141?
1051158
In base 5, what is 14232334 + 3?
14232342
In base 14, what is 5 + 595875?
59587a
In base 2, what is -11001111111010111011 - 10000100?
-11001111111100111111
In base 11, what is 142932 - 258?
142685
In base 3, what is 201012220212 + -111?
201012220101
In base 12, what is -30a0b5 - -25b?
-309a56
In base 6, what is 410022451 - 53?
410022354
In base 5, what is -10210 + -330241?
-341001
In base 2, what is 1000101000101000101001111 - 111?
1000101000101000101001000
In base 10, what is -13 - -39393?
39380
In base 11, what is 61a98 - -456?
62443
In base 13, what is 2 + 16794c79?
16794c7b
In base 5, what is -33 + -132420321?
-132420404
In base 8, what is 0 - -36700332?
36700332
In base 3, what is -22022210120202012 + 2?
-22022210120202010
In base 2, what is 1 - -100100111110011001?
100100111110011010
In base 4, what is 1 - 1000310111122?
-1000310111121
In base 8, what is -404474 - -316?
-404156
In base 11, what is 4237 - -678?
4904
In base 10, what is -16381262 - 1?
-16381263
In base 5, what is -33214 + 11021?
-22143
In base 11, what is 6a9aa9 + 72?
6aa070
In base 15, what is -5c671d + -12?
-5c6730
In base 3, what is 12 + -111002010202010122?
-111002010202010110
In base 8, what is -61 + 6025256?
6025175
In base 13, what is 3 - -63329?
6332c
In base 3, what is 102212022010221 - -1221?
102212022012212
In base 11, what is 1410322 + 1?
1410323
In base 7, what is 2310110302 + -4?
2310110265
In base 10, what